{"id":367,"date":"2018-09-07T08:56:59","date_gmt":"2018-09-07T06:56:59","guid":{"rendered":"http:\/\/zuhausebeivoit.de\/cms\/?page_id=367"},"modified":"2019-04-29T14:48:44","modified_gmt":"2019-04-29T12:48:44","slug":"bruno","status":"publish","type":"page","link":"https:\/\/zuhausebeivoit.de\/cms\/?page_id=367","title":{"rendered":"Unser Bruno"},"content":{"rendered":"<p><span style=\"color: rgb(0, 0, 255); font-family: georgia,palatino,serif; font-size: 24pt;\">Unser Bruno<\/span><br \/>\n<span style=\"color: rgb(0, 0, 0); font-family: georgia,palatino,serif;\">Am 24.10. 2007 konnten wir nach langem Warten unseren neuen Mitbewohner nach Hause holen. Gott sei Dank ging die Fahrt von Brandenburg nach Th\u00fcringen ohne gro\u00dfe Probleme \u00fcber die B\u00fchne. So traurig wie er im Auto noch war, so aufgeweckt war er nach der Begr\u00fc\u00dfung durch seine Artgenossen und sein Frauchen.<\/span><br \/>\n<span style=\"color: rgb(0, 0, 255); font-family: georgia,palatino,serif;\"> Bereits an dieser Stelle \u00fcberragte er Kobold und Bruce um ein Vielfaches.<\/span><span style=\"color: rgb(0, 0, 0); font-family: georgia,palatino,serif;\">Die beiden Katzen wurden die n\u00e4chsten Stunden und Tage nicht mehr gesichtet. Aber auch diese Beziehung ist nunmehr gegl\u00e4ttet. Die Entscheidung der Anschaffung eines Berner Sennenhundes welcher<\/span><\/p>\n<p><span style=\"color: rgb(0, 0, 0); font-family: Calibri; font-size: 12pt;\"><span style=\"font-family: georgia,palatino,serif;\">lie<span style=\"font-size: 18pt;\"><strong><span style=\"color: rgb(0, 0, 255);\">B<\/span><\/strong><\/span>reizend, geho<span style=\"color: rgb(0, 0, 255); font-size: 18pt;\"><strong>R<\/strong><\/span>sam, <span style=\"color: rgb(0, 0, 255); font-size: 18pt;\"><strong>U<\/strong><\/span>msichtig,&nbsp;schnell bode<span style=\"color: rgb(0, 0, 255);\"><strong><span style=\"font-size: 18pt;\">N<\/span><\/strong><\/span>st\u00e4ndig und st<strong><span style=\"color: rgb(0, 0, 255); font-size: 18pt;\">O<\/span><\/strong>lz war.<\/span><\/span><\/p>\n<figure id=\"attachment_711\" aria-describedby=\"caption-attachment-711\" style=\"width: 150px\" class=\"wp-caption alignleft\"><a href=\"http:\/\/zuhausebeivoit.de\/cms\/wp-content\/uploads\/2018\/09\/seite1_04.jpg\"><img loading=\"lazy\" decoding=\"async\" width=\"150\" height=\"150\" class=\"size-thumbnail wp-image-711\" alt=\"\" src=\"http:\/\/zuhausebeivoit.de\/cms\/wp-content\/uploads\/2018\/09\/seite1_04-150x150.jpg\" srcset=\"https:\/\/zuhausebeivoit.de\/cms\/wp-content\/uploads\/2018\/09\/seite1_04-150x150.jpg 150w, https:\/\/zuhausebeivoit.de\/cms\/wp-content\/uploads\/2018\/09\/seite1_04-100x100.jpg 100w\" sizes=\"auto, (max-width: 150px) 100vw, 150px\" \/><\/a><figcaption id=\"caption-attachment-711\" class=\"wp-caption-text\"><span style=\"color: rgb(0, 0, 0);\">Der Garten wurde sehr schnell in Augenschein genommen<\/span><\/figcaption><\/figure>\n<figure id=\"attachment_710\" aria-describedby=\"caption-attachment-710\" style=\"width: 150px\" class=\"wp-caption alignleft\"><a href=\"http:\/\/zuhausebeivoit.de\/cms\/wp-content\/uploads\/2018\/09\/seite1_03.jpg\"><img loading=\"lazy\" decoding=\"async\" width=\"150\" height=\"150\" class=\"size-thumbnail wp-image-710\" alt=\"\" src=\"http:\/\/zuhausebeivoit.de\/cms\/wp-content\/uploads\/2018\/09\/seite1_03-150x150.jpg\" srcset=\"https:\/\/zuhausebeivoit.de\/cms\/wp-content\/uploads\/2018\/09\/seite1_03-150x150.jpg 150w, https:\/\/zuhausebeivoit.de\/cms\/wp-content\/uploads\/2018\/09\/seite1_03-100x100.jpg 100w\" sizes=\"auto, (max-width: 150px) 100vw, 150px\" \/><\/a><figcaption id=\"caption-attachment-710\" class=\"wp-caption-text\"><span style=\"color: rgb(0, 0, 0);\">und f\u00fcr gut befunden.<\/span><\/figcaption><\/figure>\n<figure id=\"attachment_708\" aria-describedby=\"caption-attachment-708\" style=\"width: 150px\" class=\"wp-caption alignleft\"><a href=\"http:\/\/zuhausebeivoit.de\/cms\/wp-content\/uploads\/2018\/09\/seite1_01.jpg\"><img loading=\"lazy\" decoding=\"async\" width=\"150\" height=\"150\" class=\"size-thumbnail wp-image-708\" alt=\"\" src=\"http:\/\/zuhausebeivoit.de\/cms\/wp-content\/uploads\/2018\/09\/seite1_01-150x150.jpg\" srcset=\"https:\/\/zuhausebeivoit.de\/cms\/wp-content\/uploads\/2018\/09\/seite1_01-150x150.jpg 150w, https:\/\/zuhausebeivoit.de\/cms\/wp-content\/uploads\/2018\/09\/seite1_01-100x100.jpg 100w\" sizes=\"auto, (max-width: 150px) 100vw, 150px\" \/><\/a><figcaption id=\"caption-attachment-708\" class=\"wp-caption-text\"><span style=\"color: rgb(0, 0, 0);\">Das wird mein Lieblingsplatz.&nbsp;&nbsp;&nbsp;&nbsp;&nbsp;&nbsp;<\/span>&nbsp;&nbsp;&nbsp;&nbsp;&nbsp;&nbsp;&nbsp;&nbsp;&nbsp;&nbsp;&nbsp;&nbsp;&nbsp;&nbsp;&nbsp;&nbsp;&nbsp;&nbsp;&nbsp;&nbsp;&nbsp;&nbsp;&nbsp;&nbsp;&nbsp;&nbsp;<\/figcaption><\/figure>\n<figure id=\"attachment_712\" aria-describedby=\"caption-attachment-712\" style=\"width: 150px\" class=\"wp-caption alignleft\"><a href=\"http:\/\/zuhausebeivoit.de\/cms\/wp-content\/uploads\/2018\/09\/seite1_05.jpg\"><img loading=\"lazy\" decoding=\"async\" width=\"150\" height=\"150\" class=\"size-thumbnail wp-image-712\" alt=\"\" src=\"http:\/\/zuhausebeivoit.de\/cms\/wp-content\/uploads\/2018\/09\/seite1_05-150x150.jpg\" srcset=\"https:\/\/zuhausebeivoit.de\/cms\/wp-content\/uploads\/2018\/09\/seite1_05-150x150.jpg 150w, https:\/\/zuhausebeivoit.de\/cms\/wp-content\/uploads\/2018\/09\/seite1_05-100x100.jpg 100w\" sizes=\"auto, (max-width: 150px) 100vw, 150px\" \/><\/a><figcaption id=\"caption-attachment-712\" class=\"wp-caption-text\"><span style=\"color: rgb(0, 0, 0);\">Und es gibt viele Spielzeuge mit denen ich mir die Zeit vertreiben kann.<\/span><\/figcaption><\/figure>\n<figure id=\"attachment_713\" aria-describedby=\"caption-attachment-713\" style=\"width: 150px\" class=\"wp-caption alignleft\"><a href=\"http:\/\/zuhausebeivoit.de\/cms\/wp-content\/uploads\/2018\/09\/seite1_06.jpg\"><img loading=\"lazy\" decoding=\"async\" width=\"150\" height=\"150\" class=\"size-thumbnail wp-image-713\" alt=\"\" src=\"http:\/\/zuhausebeivoit.de\/cms\/wp-content\/uploads\/2018\/09\/seite1_06-150x150.jpg\" srcset=\"https:\/\/zuhausebeivoit.de\/cms\/wp-content\/uploads\/2018\/09\/seite1_06-150x150.jpg 150w, https:\/\/zuhausebeivoit.de\/cms\/wp-content\/uploads\/2018\/09\/seite1_06-100x100.jpg 100w\" sizes=\"auto, (max-width: 150px) 100vw, 150px\" \/><\/a><figcaption id=\"caption-attachment-713\" class=\"wp-caption-text\"><span style=\"color: rgb(0, 0, 0);\">Aber auch drinnen ist es sehr sch\u00f6n. Ich glaube, die m\u00f6gen mich alle.<\/span><\/figcaption><\/figure>\n<figure id=\"attachment_709\" aria-describedby=\"caption-attachment-709\" style=\"width: 150px\" class=\"wp-caption alignleft\"><a href=\"http:\/\/zuhausebeivoit.de\/cms\/wp-content\/uploads\/2018\/09\/seite1_02.jpg\"><img loading=\"lazy\" decoding=\"async\" width=\"150\" height=\"150\" class=\"size-thumbnail wp-image-709\" alt=\"\" src=\"http:\/\/zuhausebeivoit.de\/cms\/wp-content\/uploads\/2018\/09\/seite1_02-150x150.jpg\" srcset=\"https:\/\/zuhausebeivoit.de\/cms\/wp-content\/uploads\/2018\/09\/seite1_02-150x150.jpg 150w, https:\/\/zuhausebeivoit.de\/cms\/wp-content\/uploads\/2018\/09\/seite1_02-100x100.jpg 100w\" sizes=\"auto, (max-width: 150px) 100vw, 150px\" \/><\/a><figcaption id=\"caption-attachment-709\" class=\"wp-caption-text\"><span style=\"color: rgb(0, 0, 0);\">Von hieraus hat man eine tolle Aussicht.<\/span><\/figcaption><\/figure>\n","protected":false},"excerpt":{"rendered":"<p>Unser Bruno Am 24.10. 2007 konnten wir nach langem Warten unseren neuen Mitbewohner nach Hause holen. Gott sei Dank ging die Fahrt von Brandenburg nach Th\u00fcringen ohne gro\u00dfe Probleme \u00fcber die B\u00fchne. So traurig wie er im Auto noch war, so aufgeweckt war er nach der Begr\u00fc\u00dfung durch seine Artgenossen und sein Frauchen. Bereits an &hellip; <\/p>\n<p class=\"link-more\"><a href=\"https:\/\/zuhausebeivoit.de\/cms\/?page_id=367\" class=\"more-link\"><span class=\"screen-reader-text\">\u201eUnser Bruno\u201c<\/span> weiterlesen<\/a><\/p>\n","protected":false},"author":1,"featured_media":0,"parent":0,"menu_order":0,"comment_status":"closed","ping_status":"closed","template":"","meta":{"footnotes":""},"class_list":["post-367","page","type-page","status-publish","hentry"],"_links":{"self":[{"href":"https:\/\/zuhausebeivoit.de\/cms\/index.php?rest_route=\/wp\/v2\/pages\/367","targetHints":{"allow":["GET"]}}],"collection":[{"href":"https:\/\/zuhausebeivoit.de\/cms\/index.php?rest_route=\/wp\/v2\/pages"}],"about":[{"href":"https:\/\/zuhausebeivoit.de\/cms\/index.php?rest_route=\/wp\/v2\/types\/page"}],"author":[{"embeddable":true,"href":"https:\/\/zuhausebeivoit.de\/cms\/index.php?rest_route=\/wp\/v2\/users\/1"}],"replies":[{"embeddable":true,"href":"https:\/\/zuhausebeivoit.de\/cms\/index.php?rest_route=%2Fwp%2Fv2%2Fcomments&post=367"}],"version-history":[{"count":11,"href":"https:\/\/zuhausebeivoit.de\/cms\/index.php?rest_route=\/wp\/v2\/pages\/367\/revisions"}],"predecessor-version":[{"id":1971,"href":"https:\/\/zuhausebeivoit.de\/cms\/index.php?rest_route=\/wp\/v2\/pages\/367\/revisions\/1971"}],"wp:attachment":[{"href":"https:\/\/zuhausebeivoit.de\/cms\/index.php?rest_route=%2Fwp%2Fv2%2Fmedia&parent=367"}],"curies":[{"name":"wp","href":"https:\/\/api.w.org\/{rel}","templated":true}]}}