{"id":1761,"date":"2018-10-03T17:23:32","date_gmt":"2018-10-03T15:23:32","guid":{"rendered":"http:\/\/zuhausebeivoit.de\/cms\/?page_id=1761"},"modified":"2018-10-08T09:03:35","modified_gmt":"2018-10-08T07:03:35","slug":"der-reigen-geht-weiter","status":"publish","type":"page","link":"https:\/\/zuhausebeivoit.de\/cms\/?page_id=1761","title":{"rendered":"Der Reigen geht weiter"},"content":{"rendered":"<p><a href=\"http:\/\/zuhausebeivoit.de\/cms\/wp-content\/uploads\/2018\/10\/14-1.jpg\"><img loading=\"lazy\" decoding=\"async\" class=\"alignright size-thumbnail wp-image-1739\" src=\"http:\/\/zuhausebeivoit.de\/cms\/wp-content\/uploads\/2018\/10\/14-1-150x150.jpg\" alt=\"\" width=\"150\" height=\"150\" srcset=\"https:\/\/zuhausebeivoit.de\/cms\/wp-content\/uploads\/2018\/10\/14-1-150x150.jpg 150w, https:\/\/zuhausebeivoit.de\/cms\/wp-content\/uploads\/2018\/10\/14-1-100x100.jpg 100w\" sizes=\"auto, (max-width: 150px) 100vw, 150px\" \/><\/a><a href=\"http:\/\/zuhausebeivoit.de\/cms\/wp-content\/uploads\/2018\/10\/1-1.jpg\"><img loading=\"lazy\" decoding=\"async\" class=\"size-thumbnail wp-image-1727 alignleft\" src=\"http:\/\/zuhausebeivoit.de\/cms\/wp-content\/uploads\/2018\/10\/1-1-150x150.jpg\" alt=\"\" width=\"150\" height=\"150\" srcset=\"https:\/\/zuhausebeivoit.de\/cms\/wp-content\/uploads\/2018\/10\/1-1-150x150.jpg 150w, https:\/\/zuhausebeivoit.de\/cms\/wp-content\/uploads\/2018\/10\/1-1-100x100.jpg 100w\" sizes=\"auto, (max-width: 150px) 100vw, 150px\" \/><\/a><span style=\"color: #0000ff; font-family: georgia,palatino,serif;\">Alle Teile\u00a0\u00a0 stammen\u00a0\u00a0\u00a0\u00a0\u00a0\u00a0\u00a0\u00a0\u00a0\u00a0\u00a0\u00a0\u00a0\u00a0\u00a0\u00a0\u00a0\u00a0\u00a0\u00a0\u00a0\u00a0\u00a0\u00a0\u00a0\u00a0\u00a0 <\/span><br \/>\n<span style=\"color: #0000ff; font-family: georgia,palatino,serif;\">von M\u00e4rkten oder Auktionen.<\/span><br \/>\n<span style=\"color: #0000ff; font-family: georgia,palatino,serif;\">Sie sind selbstverst\u00e4ndlich<\/span><br \/>\n<span style=\"color: #0000ff; font-family: georgia,palatino,serif;\"> funktionst\u00fcchtig.\u00a0\u00a0\u00a0\u00a0\u00a0\u00a0\u00a0\u00a0\u00a0\u00a0\u00a0\u00a0\u00a0\u00a0\u00a0\u00a0\u00a0\u00a0\u00a0\u00a0\u00a0\u00a0\u00a0\u00a0\u00a0\u00a0\u00a0\u00a0\u00a0\u00a0\u00a0\u00a0\u00a0\u00a0\u00a0\u00a0\u00a0\u00a0\u00a0\u00a0\u00a0\u00a0\u00a0\u00a0\u00a0\u00a0\u00a0\u00a0\u00a0\u00a0\u00a0\u00a0\u00a0\u00a0\u00a0\u00a0\u00a0\u00a0\u00a0\u00a0\u00a0\u00a0\u00a0\u00a0\u00a0\u00a0\u00a0\u00a0\u00a0\u00a0\u00a0\u00a0\u00a0\u00a0\u00a0\u00a0\u00a0\u00a0\u00a0\u00a0\u00a0\u00a0\u00a0\u00a0\u00a0\u00a0\u00a0\u00a0\u00a0\u00a0\u00a0\u00a0\u00a0\u00a0\u00a0\u00a0\u00a0\u00a0\u00a0\u00a0\u00a0\u00a0\u00a0\u00a0\u00a0 <\/span><\/p>\n<p><a href=\"http:\/\/zuhausebeivoit.de\/cms\/wp-content\/uploads\/2018\/10\/9-1.jpg\"><img loading=\"lazy\" decoding=\"async\" class=\"alignright size-medium wp-image-1735\" src=\"http:\/\/zuhausebeivoit.de\/cms\/wp-content\/uploads\/2018\/10\/9-1-188x300.jpg\" alt=\"\" width=\"188\" height=\"300\" srcset=\"https:\/\/zuhausebeivoit.de\/cms\/wp-content\/uploads\/2018\/10\/9-1-188x300.jpg 188w, https:\/\/zuhausebeivoit.de\/cms\/wp-content\/uploads\/2018\/10\/9-1.jpg 640w\" sizes=\"auto, (max-width: 188px) 100vw, 188px\" \/><\/a> <a href=\"http:\/\/zuhausebeivoit.de\/cms\/wp-content\/uploads\/2018\/10\/8-1.jpg\"><img loading=\"lazy\" decoding=\"async\" class=\"alignright size-medium wp-image-1734\" src=\"http:\/\/zuhausebeivoit.de\/cms\/wp-content\/uploads\/2018\/10\/8-1-225x300.jpg\" alt=\"\" width=\"225\" height=\"300\" srcset=\"https:\/\/zuhausebeivoit.de\/cms\/wp-content\/uploads\/2018\/10\/8-1-225x300.jpg 225w, https:\/\/zuhausebeivoit.de\/cms\/wp-content\/uploads\/2018\/10\/8-1.jpg 640w\" sizes=\"auto, (max-width: 225px) 100vw, 225px\" \/><\/a><\/p>\n<p>&nbsp;<\/p>\n<p>&nbsp;<\/p>\n<p><strong>Jeder Neue<\/strong><\/p>\n<p><strong>war eine <\/strong><\/p>\n<p><strong>gro\u00dfe<\/strong><\/p>\n<p><strong> Freude.<\/strong><\/p>\n<p><a href=\"http:\/\/zuhausebeivoit.de\/cms\/wp-content\/uploads\/2018\/10\/11-1.jpg\"><img loading=\"lazy\" decoding=\"async\" class=\"alignright size-medium wp-image-1737\" src=\"http:\/\/zuhausebeivoit.de\/cms\/wp-content\/uploads\/2018\/10\/11-1-209x300.jpg\" alt=\"\" width=\"209\" height=\"300\" srcset=\"https:\/\/zuhausebeivoit.de\/cms\/wp-content\/uploads\/2018\/10\/11-1-209x300.jpg 209w, https:\/\/zuhausebeivoit.de\/cms\/wp-content\/uploads\/2018\/10\/11-1.jpg 640w\" sizes=\"auto, (max-width: 209px) 100vw, 209px\" \/><\/a> <a href=\"http:\/\/zuhausebeivoit.de\/cms\/wp-content\/uploads\/2018\/10\/12-1.jpg\"><img loading=\"lazy\" decoding=\"async\" class=\"alignright size-medium wp-image-1738\" src=\"http:\/\/zuhausebeivoit.de\/cms\/wp-content\/uploads\/2018\/10\/12-1-200x300.jpg\" alt=\"\" width=\"200\" height=\"300\" srcset=\"https:\/\/zuhausebeivoit.de\/cms\/wp-content\/uploads\/2018\/10\/12-1-200x300.jpg 200w, https:\/\/zuhausebeivoit.de\/cms\/wp-content\/uploads\/2018\/10\/12-1.jpg 640w\" sizes=\"auto, (max-width: 200px) 100vw, 200px\" \/><\/a><\/p>\n<p>&nbsp;<\/p>\n<p>&nbsp;<\/p>\n<p><strong>Alle <\/strong><br \/>\n<strong>erleuch-<\/strong><br \/>\n<strong>ten <\/strong><br \/>\n<strong>den Raum <\/strong><br \/>\n<strong>in der <\/strong><br \/>\n<strong>Weih-<\/strong><br \/>\n<strong>nachts-<\/strong><br \/>\n<strong>zeit.<\/strong><\/p>\n<p>&nbsp;<\/p>\n<p><a href=\"http:\/\/zuhausebeivoit.de\/cms\/wp-content\/uploads\/2018\/10\/3-1.jpg\"><img loading=\"lazy\" decoding=\"async\" class=\"size-medium wp-image-1729 alignleft\" src=\"http:\/\/zuhausebeivoit.de\/cms\/wp-content\/uploads\/2018\/10\/3-1-173x300.jpg\" alt=\"\" width=\"173\" height=\"300\" srcset=\"https:\/\/zuhausebeivoit.de\/cms\/wp-content\/uploads\/2018\/10\/3-1-173x300.jpg 173w, https:\/\/zuhausebeivoit.de\/cms\/wp-content\/uploads\/2018\/10\/3-1-592x1024.jpg 592w, https:\/\/zuhausebeivoit.de\/cms\/wp-content\/uploads\/2018\/10\/3-1.jpg 640w\" sizes=\"auto, (max-width: 173px) 100vw, 173px\" \/><\/a><\/p>\n<p>&nbsp;<\/p>\n<p><a href=\"http:\/\/zuhausebeivoit.de\/cms\/wp-content\/uploads\/2018\/10\/16-1.jpg\"><img loading=\"lazy\" decoding=\"async\" class=\"alignright size-medium wp-image-1740\" src=\"http:\/\/zuhausebeivoit.de\/cms\/wp-content\/uploads\/2018\/10\/16-1-300x233.jpg\" alt=\"\" width=\"300\" height=\"233\" srcset=\"https:\/\/zuhausebeivoit.de\/cms\/wp-content\/uploads\/2018\/10\/16-1-300x233.jpg 300w, https:\/\/zuhausebeivoit.de\/cms\/wp-content\/uploads\/2018\/10\/16-1.jpg 640w\" sizes=\"auto, (max-width: 300px) 100vw, 300px\" \/><\/a><\/p>\n<p>&nbsp;<\/p>\n<p>&nbsp;<\/p>\n<p><a href=\"http:\/\/zuhausebeivoit.de\/cms\/wp-content\/uploads\/2018\/10\/5-1.jpg\"><img loading=\"lazy\" decoding=\"async\" class=\"size-medium wp-image-1731 alignleft\" src=\"http:\/\/zuhausebeivoit.de\/cms\/wp-content\/uploads\/2018\/10\/5-1-144x300.jpg\" alt=\"\" width=\"144\" height=\"300\" srcset=\"https:\/\/zuhausebeivoit.de\/cms\/wp-content\/uploads\/2018\/10\/5-1-144x300.jpg 144w, https:\/\/zuhausebeivoit.de\/cms\/wp-content\/uploads\/2018\/10\/5-1-491x1024.jpg 491w, https:\/\/zuhausebeivoit.de\/cms\/wp-content\/uploads\/2018\/10\/5-1.jpg 640w\" sizes=\"auto, (max-width: 144px) 100vw, 144px\" \/><\/a><\/p>\n<p><a href=\"http:\/\/zuhausebeivoit.de\/cms\/wp-content\/uploads\/2018\/10\/4-1.jpg\"><img loading=\"lazy\" decoding=\"async\" class=\"size-medium wp-image-1730 alignright\" src=\"http:\/\/zuhausebeivoit.de\/cms\/wp-content\/uploads\/2018\/10\/4-1-185x300.jpg\" alt=\"\" width=\"185\" height=\"300\" srcset=\"https:\/\/zuhausebeivoit.de\/cms\/wp-content\/uploads\/2018\/10\/4-1-185x300.jpg 185w, https:\/\/zuhausebeivoit.de\/cms\/wp-content\/uploads\/2018\/10\/4-1-633x1024.jpg 633w, https:\/\/zuhausebeivoit.de\/cms\/wp-content\/uploads\/2018\/10\/4-1.jpg 640w\" sizes=\"auto, (max-width: 185px) 100vw, 185px\" \/><\/a><\/p>\n","protected":false},"excerpt":{"rendered":"<p>Alle Teile\u00a0\u00a0 stammen\u00a0\u00a0\u00a0\u00a0\u00a0\u00a0\u00a0\u00a0\u00a0\u00a0\u00a0\u00a0\u00a0\u00a0\u00a0\u00a0\u00a0\u00a0\u00a0\u00a0\u00a0\u00a0\u00a0\u00a0\u00a0\u00a0\u00a0 von M\u00e4rkten oder Auktionen. Sie sind selbstverst\u00e4ndlich funktionst\u00fcchtig.\u00a0\u00a0\u00a0\u00a0\u00a0\u00a0\u00a0\u00a0\u00a0\u00a0\u00a0\u00a0\u00a0\u00a0\u00a0\u00a0\u00a0\u00a0\u00a0\u00a0\u00a0\u00a0\u00a0\u00a0\u00a0\u00a0\u00a0\u00a0\u00a0\u00a0\u00a0\u00a0\u00a0\u00a0\u00a0\u00a0\u00a0\u00a0\u00a0\u00a0\u00a0\u00a0\u00a0\u00a0\u00a0\u00a0\u00a0\u00a0\u00a0\u00a0\u00a0\u00a0\u00a0\u00a0\u00a0\u00a0\u00a0\u00a0\u00a0\u00a0\u00a0\u00a0\u00a0\u00a0\u00a0\u00a0\u00a0\u00a0\u00a0\u00a0\u00a0\u00a0\u00a0\u00a0\u00a0\u00a0\u00a0\u00a0\u00a0\u00a0\u00a0\u00a0\u00a0\u00a0\u00a0\u00a0\u00a0\u00a0\u00a0\u00a0\u00a0\u00a0\u00a0\u00a0\u00a0\u00a0\u00a0\u00a0\u00a0\u00a0\u00a0\u00a0\u00a0\u00a0\u00a0 &nbsp; &nbsp; Jeder Neue war eine gro\u00dfe Freude. &nbsp; &nbsp; Alle erleuch- ten den Raum in der Weih- nachts- zeit. &nbsp; &nbsp; &nbsp; &nbsp;<\/p>\n","protected":false},"author":2,"featured_media":0,"parent":0,"menu_order":0,"comment_status":"closed","ping_status":"closed","template":"","meta":{"footnotes":""},"class_list":["post-1761","page","type-page","status-publish","hentry"],"_links":{"self":[{"href":"https:\/\/zuhausebeivoit.de\/cms\/index.php?rest_route=\/wp\/v2\/pages\/1761","targetHints":{"allow":["GET"]}}],"collection":[{"href":"https:\/\/zuhausebeivoit.de\/cms\/index.php?rest_route=\/wp\/v2\/pages"}],"about":[{"href":"https:\/\/zuhausebeivoit.de\/cms\/index.php?rest_route=\/wp\/v2\/types\/page"}],"author":[{"embeddable":true,"href":"https:\/\/zuhausebeivoit.de\/cms\/index.php?rest_route=\/wp\/v2\/users\/2"}],"replies":[{"embeddable":true,"href":"https:\/\/zuhausebeivoit.de\/cms\/index.php?rest_route=%2Fwp%2Fv2%2Fcomments&post=1761"}],"version-history":[{"count":22,"href":"https:\/\/zuhausebeivoit.de\/cms\/index.php?rest_route=\/wp\/v2\/pages\/1761\/revisions"}],"predecessor-version":[{"id":1884,"href":"https:\/\/zuhausebeivoit.de\/cms\/index.php?rest_route=\/wp\/v2\/pages\/1761\/revisions\/1884"}],"wp:attachment":[{"href":"https:\/\/zuhausebeivoit.de\/cms\/index.php?rest_route=%2Fwp%2Fv2%2Fmedia&parent=1761"}],"curies":[{"name":"wp","href":"https:\/\/api.w.org\/{rel}","templated":true}]}}