{"id":1601,"date":"2018-09-27T13:19:10","date_gmt":"2018-09-27T11:19:10","guid":{"rendered":"http:\/\/zuhausebeivoit.de\/cms\/?page_id=1601"},"modified":"2018-10-03T17:20:25","modified_gmt":"2018-10-03T15:20:25","slug":"meine-rauchverzehrer","status":"publish","type":"page","link":"https:\/\/zuhausebeivoit.de\/cms\/?page_id=1601","title":{"rendered":"Meine Rauchverzehrer"},"content":{"rendered":"<p><span style=\"color: #0000ff;\"><strong><span style=\"font-family: Calibri; font-size: 18pt;\"><span style=\"font-family: georgia,palatino,serif;\">Vintage Style<\/span><\/span><\/strong><\/span><\/p>\n<p><a href=\"http:\/\/zuhausebeivoit.de\/cms\/wp-content\/uploads\/2018\/10\/13-1.jpg\"><img loading=\"lazy\" decoding=\"async\" class=\"alignright size-medium wp-image-1723\" src=\"http:\/\/zuhausebeivoit.de\/cms\/wp-content\/uploads\/2018\/10\/13-1-300x278.jpg\" alt=\"\" width=\"300\" height=\"278\" srcset=\"https:\/\/zuhausebeivoit.de\/cms\/wp-content\/uploads\/2018\/10\/13-1-300x278.jpg 300w, https:\/\/zuhausebeivoit.de\/cms\/wp-content\/uploads\/2018\/10\/13-1.jpg 640w\" sizes=\"auto, (max-width: 300px) 100vw, 300px\" \/><\/a><span style=\"color: #000000; font-family: georgia,palatino,serif;\">Seit einigen Jahren konnte ich mich mehr und mehr einem meine <span style=\"color: #0000ff; font-size: 14pt;\"><strong>Hobbys<\/strong> <\/span>widmen.<\/span><br \/>\n<span style=\"color: #000000; font-family: georgia,palatino,serif;\">Durch das Pfl\u00fccke-Werden unserer Kinder haben wir daf\u00fcr Platzkapazit\u00e4ten.<\/span><br \/>\n<span style=\"color: #000000; font-family: georgia,palatino,serif;\">Sehr gern erinnere ich mich an <span style=\"color: #0000ff;\"><strong><span style=\"font-size: 14pt;\">meine Kindheit<\/span> <\/strong><\/span>den in jener Zeit <strong><span style=\"color: #0000ff; font-size: 14pt;\">liebgewonnenen Deko <\/span><\/strong>und Gebrauchsgegenst\u00e4nden. Ganz sehr mochte ich Keramiken und Porzellane mit unterschiedlichen Motiven.<\/span><br \/>\n<span style=\"color: #000000; font-family: georgia,palatino,serif;\">Und so erfreue ich mich heute daran, <span style=\"color: #0000ff; font-size: 14pt;\"><strong>klassische Gegenst\u00e4nde aus alten Tagen<\/strong> <\/span>wieder aufleben z<\/span><span style=\"color: #000000; font-family: georgia,palatino,serif;\">u lassen. <\/span><br \/>\n<span style=\"color: #000000; font-family: georgia,palatino,serif;\">Dabei haben es mir die <strong><span style=\"color: #0000ff; font-size: 14pt;\">Rauchverzehrer<\/span><\/strong> besonders angetan.<\/span><\/p>\n<p><a href=\"http:\/\/zuhausebeivoit.de\/cms\/wp-content\/uploads\/2018\/10\/7-1.jpg\"><img loading=\"lazy\" decoding=\"async\" class=\"size-medium wp-image-1733 alignleft\" src=\"http:\/\/zuhausebeivoit.de\/cms\/wp-content\/uploads\/2018\/10\/7-1-187x300.jpg\" alt=\"\" width=\"187\" height=\"300\" srcset=\"https:\/\/zuhausebeivoit.de\/cms\/wp-content\/uploads\/2018\/10\/7-1-187x300.jpg 187w, https:\/\/zuhausebeivoit.de\/cms\/wp-content\/uploads\/2018\/10\/7-1-638x1024.jpg 638w, https:\/\/zuhausebeivoit.de\/cms\/wp-content\/uploads\/2018\/10\/7-1.jpg 640w\" sizes=\"auto, (max-width: 187px) 100vw, 187px\" \/><\/a><\/p>\n<p><a href=\"http:\/\/zuhausebeivoit.de\/cms\/wp-content\/uploads\/2018\/10\/2-1.jpg\"><img loading=\"lazy\" decoding=\"async\" class=\"alignright size-medium wp-image-1728\" src=\"http:\/\/zuhausebeivoit.de\/cms\/wp-content\/uploads\/2018\/10\/2-1-240x300.jpg\" alt=\"\" width=\"240\" height=\"300\" srcset=\"https:\/\/zuhausebeivoit.de\/cms\/wp-content\/uploads\/2018\/10\/2-1-240x300.jpg 240w, https:\/\/zuhausebeivoit.de\/cms\/wp-content\/uploads\/2018\/10\/2-1.jpg 640w\" sizes=\"auto, (max-width: 240px) 100vw, 240px\" \/><\/a><\/p>\n<p>&nbsp;<\/p>\n","protected":false},"excerpt":{"rendered":"<p>Vintage Style Seit einigen Jahren konnte ich mich mehr und mehr einem meine Hobbys widmen. Durch das Pfl\u00fccke-Werden unserer Kinder haben wir daf\u00fcr Platzkapazit\u00e4ten. Sehr gern erinnere ich mich an meine Kindheit den in jener Zeit liebgewonnenen Deko und Gebrauchsgegenst\u00e4nden. Ganz sehr mochte ich Keramiken und Porzellane mit unterschiedlichen Motiven. Und so erfreue ich mich &hellip; <\/p>\n<p class=\"link-more\"><a href=\"https:\/\/zuhausebeivoit.de\/cms\/?page_id=1601\" class=\"more-link\"><span class=\"screen-reader-text\">\u201eMeine Rauchverzehrer\u201c<\/span> weiterlesen<\/a><\/p>\n","protected":false},"author":2,"featured_media":0,"parent":0,"menu_order":0,"comment_status":"closed","ping_status":"closed","template":"","meta":{"footnotes":""},"class_list":["post-1601","page","type-page","status-publish","hentry"],"_links":{"self":[{"href":"https:\/\/zuhausebeivoit.de\/cms\/index.php?rest_route=\/wp\/v2\/pages\/1601","targetHints":{"allow":["GET"]}}],"collection":[{"href":"https:\/\/zuhausebeivoit.de\/cms\/index.php?rest_route=\/wp\/v2\/pages"}],"about":[{"href":"https:\/\/zuhausebeivoit.de\/cms\/index.php?rest_route=\/wp\/v2\/types\/page"}],"author":[{"embeddable":true,"href":"https:\/\/zuhausebeivoit.de\/cms\/index.php?rest_route=\/wp\/v2\/users\/2"}],"replies":[{"embeddable":true,"href":"https:\/\/zuhausebeivoit.de\/cms\/index.php?rest_route=%2Fwp%2Fv2%2Fcomments&post=1601"}],"version-history":[{"count":8,"href":"https:\/\/zuhausebeivoit.de\/cms\/index.php?rest_route=\/wp\/v2\/pages\/1601\/revisions"}],"predecessor-version":[{"id":1760,"href":"https:\/\/zuhausebeivoit.de\/cms\/index.php?rest_route=\/wp\/v2\/pages\/1601\/revisions\/1760"}],"wp:attachment":[{"href":"https:\/\/zuhausebeivoit.de\/cms\/index.php?rest_route=%2Fwp%2Fv2%2Fmedia&parent=1601"}],"curies":[{"name":"wp","href":"https:\/\/api.w.org\/{rel}","templated":true}]}}