{"id":1573,"date":"2018-09-26T13:19:38","date_gmt":"2018-09-26T11:19:38","guid":{"rendered":"http:\/\/zuhausebeivoit.de\/cms\/?page_id=1573"},"modified":"2018-10-08T10:42:09","modified_gmt":"2018-10-08T08:42:09","slug":"michael","status":"publish","type":"page","link":"https:\/\/zuhausebeivoit.de\/cms\/?page_id=1573","title":{"rendered":"Michael"},"content":{"rendered":"<p><span style=\"color: #0000ff;\"><strong><span style=\"font-family: Calibri; font-size: 18pt;\">Michael Voit<a href=\"http:\/\/zuhausebeivoit.de\/cms\/wp-content\/uploads\/2018\/09\/1-2.jpg\"><img loading=\"lazy\" decoding=\"async\" class=\"alignright size-medium wp-image-1587\" src=\"http:\/\/zuhausebeivoit.de\/cms\/wp-content\/uploads\/2018\/09\/1-2-240x300.jpg\" alt=\"\" width=\"240\" height=\"300\" srcset=\"https:\/\/zuhausebeivoit.de\/cms\/wp-content\/uploads\/2018\/09\/1-2-240x300.jpg 240w, https:\/\/zuhausebeivoit.de\/cms\/wp-content\/uploads\/2018\/09\/1-2.jpg 429w\" sizes=\"auto, (max-width: 240px) 100vw, 240px\" \/><\/a><\/span><\/strong><\/span><span style=\"color: #000000; font-family: Calibri;\">\u00a0<\/span><br \/>\n<span style=\"color: #000000; font-family: georgia,palatino,serif;\">Jahrgang: 1979 (Sternbild Waage)<\/span><br \/>\n<span style=\"color: #000000; font-family: georgia,palatino,serif;\">richtige echte Gersche Fettgusche <\/span><br \/>\n<span style=\"color: #000000; font-family: georgia,palatino,serif;\">aber eine sehr nette und anpassungsf\u00e4hige<\/span><br \/>\n<span style=\"color: #000000; font-family: Calibri;\">\u00a0<\/span><br \/>\n<span style=\"color: #0000ff;\"><strong><span style=\"font-family: Calibri; font-size: 14pt;\">Schulausbildung:<\/span><\/strong><\/span><br \/>\n<span style=\"color: #000000; font-family: georgia,palatino,serif;\">Besuch POS, Gymnasium, Regelschule<\/span><br \/>\n<span style=\"color: #000000; font-family: georgia,palatino,serif;\">1996 Realschulabschluss<\/span><br \/>\n<span style=\"color: #000000; font-family: Calibri;\"><span style=\"font-family: georgia,palatino,serif;\">Lehre als <\/span><span style=\"color: #0000ff; font-size: 14pt;\">Kaufmann im Gro\u00df- und Au\u00dfenhandel <\/span><span style=\"font-family: georgia,palatino,serif;\">mit entsprechendem Abschluss 1999\u00a0<\/span><\/span><\/p>\n<p><span style=\"color: #0000ff;\"><strong><span style=\"font-size: 14pt;\">Karriere\u00a0<\/span><\/strong><\/span><span style=\"font-family: georgia,palatino,serif;\">mit berufsbedingten Wohnortwechseln in unterschiedliche Bundesl\u00e4nder, viele Qualifizierungsma\u00dfnahmen<\/span><br \/>\n<span style=\"font-family: georgia,palatino,serif;\"><span style=\"color: #0000ff;\">Umzug<\/span> nach <span style=\"color: #0000ff;\"><strong>E<\/strong><\/span>schborn und Einsatz in der Fegro-Gruppe<\/span><br \/>\n<span style=\"font-family: georgia,palatino,serif;\">sp\u00e4terer Umzug nach <span style=\"color: #0000ff;\"><strong>O<\/strong><\/span>bertshausen, <strong><span style=\"color: #0000ff;\">L<\/span><\/strong>angg\u00f6ns, <span style=\"color: #0000ff;\"><strong>O<\/strong><\/span>ffenburg<\/span><br \/>\n<span style=\"font-family: georgia,palatino,serif;\">nunmehr nach <span style=\"color: #0000ff;\">Dortmund<\/span><\/span><br \/>\n<span style=\"color: #0000ff; font-size: 14pt;\"><strong>seit 01.03.2000<\/strong> <\/span><span style=\"font-family: georgia,palatino,serif;\">t\u00e4tig bei maxit-Deutschland GmbH nunmehr<\/span><br \/>\n<span style=\"font-size: 14pt;\"><span style=\"color: #0000ff;\"> Weber SAINT-GOBAIN <\/span><span style=\"font-family: georgia,palatino,serif; font-size: 12pt;\">in unterschiedlichen Besch\u00e4ftigungsfeldern<\/span><\/span><\/p>\n<p><span style=\"color: #000000; font-family: Calibri;\"><span style=\"color: #0000ff;\"><strong><span style=\"font-family: georgia,palatino,serif; font-size: 14pt;\">Hobbys:\u00a0\u00a0\u00a0\u00a0 \u00a0<span style=\"font-size: 12pt;\">&#8222;Ich arbeite um zu leben und lebe nicht um zu arbeiten&#8220;<\/span><\/span><\/strong><\/span><\/span><br \/>\n<span style=\"color: #000000; font-family: georgia,palatino,serif;\"><strong><span style=\"font-size: 14pt;\">Reisen<\/span><\/strong> in Deutschland und in fremde L\u00e4nder, <strong><span style=\"font-size: 14pt;\">FC Schalke 04<\/span><\/strong>.e<\/span><br \/>\neiner der gr\u00f6\u00dften und<br \/>\neingefleischtesten <span style=\"font-size: 14pt;\"><strong>AIDA-Fans<a href=\"http:\/\/zuhausebeivoit.de\/cms\/wp-content\/uploads\/2018\/09\/6-2.jpg\"><img loading=\"lazy\" decoding=\"async\" class=\"alignright size-full wp-image-1597\" src=\"http:\/\/zuhausebeivoit.de\/cms\/wp-content\/uploads\/2018\/09\/6-2.jpg\" alt=\"\" width=\"294\" height=\"164\" \/><\/a><\/strong><\/span><br \/>\nauf <span style=\"font-size: 14pt;\"><strong>vielen Routen eine Unmenge an Seemeilen<\/strong> <\/span>gesammelt und sowohl <strong><span style=\"font-size: 14pt;\">interessante L\u00e4nder<\/span> <\/strong>und <strong><span style=\"font-size: 14pt;\">St\u00e4dte<\/span><\/strong> als auch <strong><span style=\"font-size: 14pt;\">beeindruckende<\/span> <span style=\"font-size: 14pt;\">Gegenden\u00a0bereist und bestaunt<\/span><\/strong><\/p>\n","protected":false},"excerpt":{"rendered":"<p>Michael Voit\u00a0 Jahrgang: 1979 (Sternbild Waage) richtige echte Gersche Fettgusche aber eine sehr nette und anpassungsf\u00e4hige \u00a0 Schulausbildung: Besuch POS, Gymnasium, Regelschule 1996 Realschulabschluss Lehre als Kaufmann im Gro\u00df- und Au\u00dfenhandel mit entsprechendem Abschluss 1999\u00a0 Karriere\u00a0mit berufsbedingten Wohnortwechseln in unterschiedliche Bundesl\u00e4nder, viele Qualifizierungsma\u00dfnahmen Umzug nach Eschborn und Einsatz in der Fegro-Gruppe sp\u00e4terer Umzug nach Obertshausen, &hellip; <\/p>\n<p class=\"link-more\"><a href=\"https:\/\/zuhausebeivoit.de\/cms\/?page_id=1573\" class=\"more-link\"><span class=\"screen-reader-text\">\u201eMichael\u201c<\/span> weiterlesen<\/a><\/p>\n","protected":false},"author":2,"featured_media":0,"parent":0,"menu_order":0,"comment_status":"closed","ping_status":"closed","template":"","meta":{"footnotes":""},"class_list":["post-1573","page","type-page","status-publish","hentry"],"_links":{"self":[{"href":"https:\/\/zuhausebeivoit.de\/cms\/index.php?rest_route=\/wp\/v2\/pages\/1573","targetHints":{"allow":["GET"]}}],"collection":[{"href":"https:\/\/zuhausebeivoit.de\/cms\/index.php?rest_route=\/wp\/v2\/pages"}],"about":[{"href":"https:\/\/zuhausebeivoit.de\/cms\/index.php?rest_route=\/wp\/v2\/types\/page"}],"author":[{"embeddable":true,"href":"https:\/\/zuhausebeivoit.de\/cms\/index.php?rest_route=\/wp\/v2\/users\/2"}],"replies":[{"embeddable":true,"href":"https:\/\/zuhausebeivoit.de\/cms\/index.php?rest_route=%2Fwp%2Fv2%2Fcomments&post=1573"}],"version-history":[{"count":10,"href":"https:\/\/zuhausebeivoit.de\/cms\/index.php?rest_route=\/wp\/v2\/pages\/1573\/revisions"}],"predecessor-version":[{"id":1887,"href":"https:\/\/zuhausebeivoit.de\/cms\/index.php?rest_route=\/wp\/v2\/pages\/1573\/revisions\/1887"}],"wp:attachment":[{"href":"https:\/\/zuhausebeivoit.de\/cms\/index.php?rest_route=%2Fwp%2Fv2%2Fmedia&parent=1573"}],"curies":[{"name":"wp","href":"https:\/\/api.w.org\/{rel}","templated":true}]}}