{"id":1193,"date":"2018-09-13T20:08:21","date_gmt":"2018-09-13T18:08:21","guid":{"rendered":"http:\/\/zuhausebeivoit.de\/cms\/?page_id=1193"},"modified":"2018-09-19T16:24:42","modified_gmt":"2018-09-19T14:24:42","slug":"kinderstube","status":"publish","type":"page","link":"https:\/\/zuhausebeivoit.de\/cms\/?page_id=1193","title":{"rendered":"Katzen"},"content":{"rendered":"<p><span style=\"color: #0000ff;\"><strong><span style=\"font-family: georgia,palatino,serif; font-size: 18pt;\">Unsere Katzen &#8211; Kinderstube<\/span><\/strong><\/span><br \/>\n<span style=\"color: #000000; font-family: georgia,palatino,serif;\">Mit Beendigung der Schulzeit am Gymnasium kamen Entscheidungen auf Annekatrin zu. Da sie auf Tiere in ihrer neuen Umgebung nicht verzichten wollte entschied sie sich, ein K\u00e4tzchen mit nach Zwickau zu nehmen.<\/span><\/p>\n<p><span style=\"color: #000000; font-family: Calibri;\"><span style=\"font-family: georgia,palatino,serif;\"><a href=\"http:\/\/zuhausebeivoit.de\/cms\/wp-content\/uploads\/2018\/09\/bild1-1.jpg\"><img loading=\"lazy\" decoding=\"async\" class=\"alignleft size-medium wp-image-1205\" src=\"http:\/\/zuhausebeivoit.de\/cms\/wp-content\/uploads\/2018\/09\/bild1-1-300x225.jpg\" alt=\"\" width=\"300\" height=\"225\" srcset=\"https:\/\/zuhausebeivoit.de\/cms\/wp-content\/uploads\/2018\/09\/bild1-1-300x225.jpg 300w, https:\/\/zuhausebeivoit.de\/cms\/wp-content\/uploads\/2018\/09\/bild1-1.jpg 400w\" sizes=\"auto, (max-width: 300px) 100vw, 300px\" \/><\/a>Am 03.04. 2002 kamen dann zu\u00a0\u00a0 Br\u00f6ckau bei einer befreundeten Familie kleine Stubentiger zur Welt. Die kleine Getigerte sollte es sein. Doch es kam anders als man denkt.Vier Wochen nach der Geburt war die Katzenmutter spurlos verschwunden. \u00a0<\/span><\/span><\/p>\n<p>&nbsp;<\/p>\n<p><a href=\"http:\/\/zuhausebeivoit.de\/cms\/wp-content\/uploads\/2018\/09\/bild2-1.jpg\"><img loading=\"lazy\" decoding=\"async\" class=\"alignleft size-thumbnail wp-image-1209\" src=\"http:\/\/zuhausebeivoit.de\/cms\/wp-content\/uploads\/2018\/09\/bild2-1-150x150.jpg\" alt=\"\" width=\"150\" height=\"150\" srcset=\"https:\/\/zuhausebeivoit.de\/cms\/wp-content\/uploads\/2018\/09\/bild2-1-150x150.jpg 150w, https:\/\/zuhausebeivoit.de\/cms\/wp-content\/uploads\/2018\/09\/bild2-1-100x100.jpg 100w\" sizes=\"auto, (max-width: 150px) 100vw, 150px\" \/><\/a><\/p>\n<p><a href=\"http:\/\/zuhausebeivoit.de\/cms\/wp-content\/uploads\/2018\/09\/bild3-3.jpg\"><img loading=\"lazy\" decoding=\"async\" class=\"alignleft size-thumbnail wp-image-1210\" src=\"http:\/\/zuhausebeivoit.de\/cms\/wp-content\/uploads\/2018\/09\/bild3-3-150x150.jpg\" alt=\"\" width=\"150\" height=\"150\" srcset=\"https:\/\/zuhausebeivoit.de\/cms\/wp-content\/uploads\/2018\/09\/bild3-3-150x150.jpg 150w, https:\/\/zuhausebeivoit.de\/cms\/wp-content\/uploads\/2018\/09\/bild3-3-100x100.jpg 100w\" sizes=\"auto, (max-width: 150px) 100vw, 150px\" \/><\/a><\/p>\n<p><a href=\"http:\/\/zuhausebeivoit.de\/cms\/wp-content\/uploads\/2018\/09\/bild5-2.jpg\"><img loading=\"lazy\" decoding=\"async\" class=\"alignleft size-thumbnail wp-image-1212\" src=\"http:\/\/zuhausebeivoit.de\/cms\/wp-content\/uploads\/2018\/09\/bild5-2-150x150.jpg\" alt=\"\" width=\"150\" height=\"150\" srcset=\"https:\/\/zuhausebeivoit.de\/cms\/wp-content\/uploads\/2018\/09\/bild5-2-150x150.jpg 150w, https:\/\/zuhausebeivoit.de\/cms\/wp-content\/uploads\/2018\/09\/bild5-2-100x100.jpg 100w\" sizes=\"auto, (max-width: 150px) 100vw, 150px\" \/><\/a><\/p>\n<p><span style=\"color: #000000; font-family: georgia,palatino,serif;\">Anne nahm sich der zwei Waisenkinder an. M\u00fchsam wurden beide per Fl\u00e4schchen aufgep\u00e4ppelt. Amber und Allyson entwickelten sich pr\u00e4chtig. Entsprechend notwendige Dinge wurden beschafft.<\/span><br \/>\n<span style=\"color: #000000; font-family: Calibri;\"><span style=\"font-family: georgia,palatino,serif;\">Unsere Yorkies verstanden sich ausgezeichnet mit ihnen. Versuche, <\/span><\/span><br \/>\n<span style=\"color: #000000; font-family: Calibri;\"><span style=\"font-family: georgia,palatino,serif;\">sie allein zu Hause zu lassen, klappten prima. Unsere beiden K\u00e4tzchen<\/span><\/span><br \/>\n<span style=\"color: #000000; font-family: Calibri;\"><span style=\"font-family: georgia,palatino,serif;\"> wurden langsam zu Katzen, solche die trotz kleiner Zwistigkeiten <\/span><\/span><br \/>\n<span style=\"color: #000000; font-family: Calibri;\"><span style=\"font-family: georgia,palatino,serif;\">unzertrennlich sind. Und dies wollten wir dann auch nicht tun.<\/span> <\/span><br \/>\n<span style=\"color: #000000; font-family: Calibri;\">\u00a0<\/span><\/p>\n<p><a href=\"http:\/\/zuhausebeivoit.de\/cms\/wp-content\/uploads\/2018\/09\/bild4-2.jpg\"><img loading=\"lazy\" decoding=\"async\" class=\"alignleft size-medium wp-image-1211\" src=\"http:\/\/zuhausebeivoit.de\/cms\/wp-content\/uploads\/2018\/09\/bild4-2-300x225.jpg\" alt=\"\" width=\"300\" height=\"225\" srcset=\"https:\/\/zuhausebeivoit.de\/cms\/wp-content\/uploads\/2018\/09\/bild4-2-300x225.jpg 300w, https:\/\/zuhausebeivoit.de\/cms\/wp-content\/uploads\/2018\/09\/bild4-2.jpg 400w\" sizes=\"auto, (max-width: 300px) 100vw, 300px\" \/><\/a><\/p>\n<p><span style=\"color: #000000; font-family: georgia,palatino,serif;\">In der Wohnung von Anne\u00a0war ohnehin kein ausreichender Platz f\u00fcr beide. So blieben sie eben in P\u00f6lzig zur Freude aller, auch wenn dann und wann etwas in die Br\u00fcche geht.<\/span><\/p>\n<p>&nbsp;<\/p>\n<p>&nbsp;<\/p>\n<p>&nbsp;<\/p>\n<p>&nbsp;<\/p>\n<p>&nbsp;<\/p>\n<p>&nbsp;<\/p>\n<p>&nbsp;<\/p>\n<p>&nbsp;<\/p>\n<p>&nbsp;<\/p>\n<p>&nbsp;<\/p>\n<p>&nbsp;<\/p>\n<p>&nbsp;<\/p>\n<p>&nbsp;<\/p>\n<p>&nbsp;<\/p>\n<p>&nbsp;<\/p>\n<p>&nbsp;<\/p>\n<p>&nbsp;<\/p>\n<p>&nbsp;<\/p>\n<p>&nbsp;<\/p>\n<p>&nbsp;<\/p>\n","protected":false},"excerpt":{"rendered":"<p>Unsere Katzen &#8211; Kinderstube Mit Beendigung der Schulzeit am Gymnasium kamen Entscheidungen auf Annekatrin zu. Da sie auf Tiere in ihrer neuen Umgebung nicht verzichten wollte entschied sie sich, ein K\u00e4tzchen mit nach Zwickau zu nehmen. Am 03.04. 2002 kamen dann zu\u00a0\u00a0 Br\u00f6ckau bei einer befreundeten Familie kleine Stubentiger zur Welt. Die kleine Getigerte sollte &hellip; <\/p>\n<p class=\"link-more\"><a href=\"https:\/\/zuhausebeivoit.de\/cms\/?page_id=1193\" class=\"more-link\"><span class=\"screen-reader-text\">\u201eKatzen\u201c<\/span> weiterlesen<\/a><\/p>\n","protected":false},"author":2,"featured_media":0,"parent":0,"menu_order":0,"comment_status":"closed","ping_status":"closed","template":"","meta":{"footnotes":""},"class_list":["post-1193","page","type-page","status-publish","hentry"],"_links":{"self":[{"href":"https:\/\/zuhausebeivoit.de\/cms\/index.php?rest_route=\/wp\/v2\/pages\/1193","targetHints":{"allow":["GET"]}}],"collection":[{"href":"https:\/\/zuhausebeivoit.de\/cms\/index.php?rest_route=\/wp\/v2\/pages"}],"about":[{"href":"https:\/\/zuhausebeivoit.de\/cms\/index.php?rest_route=\/wp\/v2\/types\/page"}],"author":[{"embeddable":true,"href":"https:\/\/zuhausebeivoit.de\/cms\/index.php?rest_route=\/wp\/v2\/users\/2"}],"replies":[{"embeddable":true,"href":"https:\/\/zuhausebeivoit.de\/cms\/index.php?rest_route=%2Fwp%2Fv2%2Fcomments&post=1193"}],"version-history":[{"count":11,"href":"https:\/\/zuhausebeivoit.de\/cms\/index.php?rest_route=\/wp\/v2\/pages\/1193\/revisions"}],"predecessor-version":[{"id":1350,"href":"https:\/\/zuhausebeivoit.de\/cms\/index.php?rest_route=\/wp\/v2\/pages\/1193\/revisions\/1350"}],"wp:attachment":[{"href":"https:\/\/zuhausebeivoit.de\/cms\/index.php?rest_route=%2Fwp%2Fv2%2Fmedia&parent=1193"}],"curies":[{"name":"wp","href":"https:\/\/api.w.org\/{rel}","templated":true}]}}